- -30. Let s be 104/g + (-4)/(-6). Let v(n) = -9*n - 7. Is v(s) a composite number?
True
Let q(i) = -3*i + 2899. Suppose 0 = 436*k - 427*k. Is q(k) a composite number?
True
Let p(b) = -13 + 2*b + 116*b**2 + 114*b**2 + 2*b**3 - 222*b**2. Is p(6) prime?
True
Suppose 4*v - 829427 = -3*i, 217384 = 2*v - 4*i - 197346. Is v composite?
True
Suppose 0 = -5*s + 3*v + 32141 + 208265, -3*s = v - 144252. Is s a composite number?
True
Suppose -f - 24*t + 140737 = -20*t, -2*f - 5*t + 281459 = 0. Is f composite?
False
Suppose -3*t + 1 - 1 = 0. Suppose t = -2*h - 5*k - 22 - 414, -218 = h - 2*k. Let m = 209 - h. Is m a composite number?
True
Let i(d) = d**3 + 14*d**2 + 15*d + 28. Let l be i(-13). Let z(q) = 295*q + 21. Is z(l) a prime number?
False
Suppose 0 = -5*q - 2*n + 11940, 2*n - 2154 = -q + 242. Suppose -r + 3915 = -5*i - 5*r, 3*i - 5*r + q = 0. Is (3 - 1)*(0 - i/2) a prime number?
True
Let w be (-4)/18 - 21616/(-72). Let g(j) = -j**3 + 6*j**2 + 2. Let v be g(-7). Let q = v - w. Is q a prime number?
False
Suppose -17*v = -8*v - 27. Suppose -v*c - r = -208, 0*c + 4*r + 341 = 5*c. Is c prime?
False
Let v be -19 - (1 - (5 - 2)). Let j = 101 - v. Suppose 7*x = 552 - j. Is x prime?
False
Let b = -104 - -117. Suppose 20*m = b*m + 9345. Suppose -6*p + 219 = -m. Is p a prime number?
False
Let y(j) = 3*j**2 + 41*j + 31. Let i be y(-33). Let z = i - -262. Is z a prime number?
True
Suppose -380 = 4*y - 36. Let j = -75 - y. Let w = j + 251. Is w a prime number?
False
Suppose 42*y = 52*y - 24773 - 237597. Is y prime?
True
Suppose 15*u - 119 = 286. Is 227*(u + -4 + 0) composite?
True
Let g = -34 + 35. Let v be 8*g*77/(-7). Let p = 1231 - v. Is p a composite number?
False
Let d = -46 + 48. Suppose g - d*h = 1988, 9912 = 8*g - 3*g + 4*h. Let z = -1175 + g. Is z a composite number?
False
Let a(g) = 17*g - 19. Let t be a(1). Is (t/((-12)/(-6711)))/((-2)/4) a prime number?
True
Let x = 133 + -129. Let i(p) = 10*p**3 + 6*p**2 - 3*p - 17. Is i(x) a composite number?
True
Let i(z) = 3818*z**2 + 159*z - 476. Is i(3) a composite number?
True
Let m be (-2)/(-1)*4/(-8). Let a be (0 + m)/(-1) + 29. Let x = a + 1. Is x a composite number?
False
Let o be (-8179)/(2*(-1)/2). Suppose 0 = 6*i - i - t - o, 0 = -2*i - 4*t + 3276. Suppose i = -2*a + 6*a. Is a composite?
False
Suppose -7*c + 15 = -12*c. Let d = 0 - c. Suppose -5*x + 2*x = -o + 2947, d*o = 2*x + 8855. Is o composite?
False
Let p be (-2)/10 + 0 + (-8866)/(-55). Is -145*(p/35 - 6) a prime number?
False
Let h(a) = 5*a**3 - 13*a**2 + 9*a - 12. Let g be h(7). Suppose 2*x = -3*f - g, -570 = x - f - 3*f. Let n = x + 901. Is n a composite number?
True
Suppose -5*n - 3*w + 222847 = 0, -62*n - 5*w - 133681 = -65*n. Is n prime?
False
Is ((-35951)/3)/(231/63 + -4) prime?
True
Let y be 664 + -6 + 1 + 3. Suppose 4*o + y = 6*o. Is o prime?
True
Suppose 0 = -7*r + 5*r + 6. Suppose -4*d = -4*i + 127580, 31900 = -4*d + r*d - 4*i. Is (-2)/14 + d/(-126) a prime number?
False
Let g(d) = -13 - 5 + 23 - 1917*d - 10. Is g(-2) composite?
True
Suppose 5*t - 136*n = -131*n + 384535, -230721 = -3*t - 2*n. Is t prime?
True
Let w(h) = 1148*h**2 + 8*h - 7. Let t be w(1). Let u = 4388 - t. Is u prime?
False
Suppose -4*n = u - 25713, -5*u - 21*n + 23*n = -128675. Is u a composite number?
False
Let j(i) = 4*i + 14*i**2 + 2*i**3 - 3*i**3 - 3*i**2 - 13 + 2*i**3. Is j(-4) a prime number?
True
Let a = 233103 + 67174. Is a composite?
False
Let d(f) = 5*f + 3*f + 54*f**2 + 62*f**2 - 451 + 444. Suppose 5*j - 2*j = 15. Is d(j) prime?
False
Let c(s) = s**3 + 5*s**2 - 37*s + 1. Is c(24) a composite number?
False
Let x = -989 + 1424. Suppose 3586 - x = d. Is d a prime number?
False
Let p(b) = 487*b**3 + b**2 - 10*b + 18. Is p(2) composite?
True
Suppose -63135 = 13*s - 4*s. Let x = -1736 - s. Is x a prime number?
True
Let i(w) = 58*w**2 + w + 405763. Is i(0) a composite number?
False
Suppose 0 = -3*j, 2*r - j = 3*r - 6458. Suppose 0 = 6*p - 20464 - r. Is p composite?
True
Suppose 5*s - 15 = 3*r - 8*r, 4*r = 5*s + 3. Suppose -4*u = 12, -r*u + 11939 = 2*z - 1853. Is z a prime number?
True
Suppose 2*o + 4*m = 0, -2*m = -o + 2*m + 18. Suppose 7*u - o*u = 253. Let h = u + -132. Is h composite?
True
Suppose 9*c - 24076 = -4*c. Suppose 4*n - 4*b - c = 0, -n + 2*n + 3*b = 479. Is n a composite number?
False
Let t(p) = 38*p**2 - p + 29. Suppose 0 = 4*j + 5*a + 529, 3*j - a + 261 = j. Let d = j + 139. Is t(d) composite?
True
Let v = 45151 + 44100. Is v composite?
True
Suppose 0 = 9*n - 226189 - 51683 - 868179. Is n composite?
True
Let g be (-373658)/(-12) - (-90)/108. Let s = -15370 + g. Is s a composite number?
True
Let z(w) = 6*w + 38. Let s be z(-6). Suppose -k = s*k - 12. Suppose 3*d + 2*j - 1323 = -2*d, -k*d = -j - 1061. Is d prime?
False
Suppose 26*q + 438346 = 1867231 + 2131477. Is q composite?
True
Suppose 22*l - 217250 = 177496. Is l a composite number?
True
Suppose -y + 3 = -2*i - i, y - 2*i - 4 = 0. Let f(c) = 2*c - 12. Let j be f(y). Suppose p - 5*x - 164 = j, 2*p = -0*p - 4*x + 286. Is p prime?
True
Let q(c) = -c**3 - 9 + c - 8*c**2 - 8*c - 2*c. Let g be q(-7). Suppose -g*j + 7951 = p, 0*j + 5*p + 4793 = 3*j. Is j prime?
False
Suppose 0 = -5*q + 10, -4*q + 4471 = 3*d - 9169. Suppose m = 9*m - d. Suppose 5*s + m = 13*s. Is s a prime number?
True
Let z(k) = k**2 + 6*k + 4. Let b(h) = 10 - 5*h + 11 - 25. Let c(a) = 4*b(a) + 3*z(a). Is c(-9) a prime number?
True
Let h(s) = 11*s**2 - 50*s + 262. Is h(-54) a prime number?
False
Let b(q) be the first derivative of -27*q**2/2 - 44*q + 3649. Suppose 2*a + 0*a - 3*f + 17 = 0, 2*a + 38 = -4*f. Is b(a) composite?
False
Let a = -55 - -69. Let u(p) = -p**2 + 14 - 8*p + 7*p**2 - 35 + 3*p**2. Is u(a) a prime number?
False
Let i be 7/28 + 45/12. Suppose -888 = 3*p - 3*t, p + 5*t = i*p + 898. Let h = -122 - p. Is h composite?
True
Suppose -3*o - 2*p = -23, 4*p = -o + 2*p + 5. Let v be (-1)/(2 + o/(-4)). Suppose 4*k + 884 = 4*h, -5*h + 847 + 254 = -v*k. Is h a prime number?
False
Suppose -6 = 6*a - 24. Suppose -a*h = -4*c - c + 27562, 0 = 3*h - 3. Is c a composite number?
True
Suppose -2*s = -t - 0*t - 21, -2*s = 3*t - 1. Suppose 3729 + 12055 = s*k. Is k composite?
False
Is 14/(-4)*2 - (-1666)/119 - -44740 composite?
True
Suppose -v - 86 = 111. Let o = -38 - v. Is o prime?
False
Let l(d) = d**2 + 3*d - 28. Let a be l(-7). Suppose a = -3*c + 5*w + 7993, -12 = -6*w + 3*w. Is c prime?
True
Let f = 56 + -19. Let c = f + 18. Suppose 5*x - c = 4*x. Is x a prime number?
False
Let z(c) = -7*c - 1. Let n(v) = v. Let g(x) = 6*n(x) + z(x). Let d be g(-4). Is 6/d*2/(12/2031) composite?
False
Let x(f) = -27*f**3 - 23*f**2 + 6*f + 687. Is x(-20) a prime number?
True
Let w be (4427/38)/((-1)/38). Let d = -2650 - w. Is d composite?
False
Let n(b) = -b**3 - 18*b**2 + 40*b - 34. Let v be n(-24). Suppose -5*w - v = -o, 13*w - 20 = 17*w. Is o a prime number?
True
Let o(q) = q**3 + 17*q**2 + 8*q + 6. Let x be o(-9). Suppose -14 - 2 = -4*c, -2*i + x = -c. Is i composite?
False
Suppose 0*r + 328 = -4*r. Suppose -72 + 432 = d. Let q = r + d. Is q a prime number?
False
Suppose -1479*h + 1496*h = 7718832 + 310591. Is h prime?
True
Let o(v) = -3*v**2 - 19*v - 17. Let c be o(-12). Let q be -8*5/(10/c). Suppose 10*f - 6*f = q. Is f prime?
False
Let n(p) = 107910*p**3 + p**2 - 20*p + 53. Is n(2) prime?
False
Is 3*(-6)/126*6 + (-310337)/(-7) a prime number?
False
Let r(i) = -24*i - i**2 + 12*i + 8 + 6*i. Let w be r(-8). Let m(o) = -46*o - 13. Is m(w) a composite number?
True
Let x = -561 - -593. Suppose -x*q + 72595 = -27*q. Is q a prime number?
True
Let b(m) = -6*m**2 - 23*m**2 + 81 + m**3 + 1396*m - 1416*m. Is b(30) composite?
True
Is (3 - 1405)/(3/(-7) + 113322/266574) a prime number?
False
Suppose u - 3*u + 26 = 2*p, -63 = -3*u + 5*p. Let z be (u/14)/((-18)/(-63)). Suppose -z*c = -4982 + 258. Is c prime?
True
Let l = -28 - -29. Let o(w) = w**3 - w**2 + w - 1. Let q(r) = 21*r**3 - 8*r + 6. Let z(s) = l*q(s) + 3*o(s). Is z(4) a composite number?
False
Let b(j) = -j**3 + 8*j**2 - 8*j + 10. Let l be b(7). Let c be (l - 5)*(-3)/(-6). Is 1*(-2 + 968 - c) prime?
True
Suppose -2*b - 11*m + 19233 = -4*m, b = -3*m + 9614. Is b composite?
True
Suppose -8329 = 9*c - 310. Let p = c + 2042. Is p a composite number?
False
Is (-16 + 5977)*(100/12)/5 prime?
False
Is (2 - 